{"id":14,"date":"2020-03-05T21:58:34","date_gmt":"2020-03-05T21:58:34","guid":{"rendered":"https:\/\/www.kanzlei-arete.de\/?page_id=14"},"modified":"2020-09-25T09:23:16","modified_gmt":"2020-09-25T09:23:16","slug":"kontakt","status":"publish","type":"page","link":"https:\/\/www.kanzlei-arete.de\/de\/kontakt\/","title":{"rendered":"Kontakt"},"content":{"rendered":"<h3>Kanzlei-Kontakt<\/h3>\r\n<p>&nbsp;<\/p>\r\n<p>Sie k\u00f6nnen mich zu den \u00fcblichen B\u00fcrozeiten \u00fcber das <strong>Kontaktformular<\/strong>, per Mail oder telefonisch erreichen. <br \/><br \/><\/p>\r\n<p>Vertrauliche Informationen sollten Sie in verschl\u00fcsselter Form \u00fcbermitteln. Ich biete hierf\u00fcr individuelle L\u00f6sungen an.<\/p>\r\n<p>&nbsp;<\/p>\r\n<p>&nbsp;<\/p>\r\n\n<div class=\"wpcf7 no-js\" id=\"wpcf7-f46-o1\" lang=\"de-DE\" dir=\"ltr\" data-wpcf7-id=\"46\">\n<div class=\"screen-reader-response\"><p role=\"status\" aria-live=\"polite\" aria-atomic=\"true\"><\/p> <ul><\/ul><\/div>\n<form action=\"\/de\/wp-json\/wp\/v2\/pages\/14#wpcf7-f46-o1\" method=\"post\" class=\"wpcf7-form init\" aria-label=\"Kontaktformular\" novalidate=\"novalidate\" data-status=\"init\">\n<fieldset class=\"hidden-fields-container\"><input type=\"hidden\" name=\"_wpcf7\" value=\"46\" \/><input type=\"hidden\" name=\"_wpcf7_version\" value=\"6.1.5\" \/><input type=\"hidden\" name=\"_wpcf7_locale\" value=\"de_DE\" \/><input type=\"hidden\" name=\"_wpcf7_unit_tag\" value=\"wpcf7-f46-o1\" \/><input type=\"hidden\" name=\"_wpcf7_container_post\" value=\"0\" \/><input type=\"hidden\" name=\"_wpcf7_posted_data_hash\" value=\"\" \/>\n<\/fieldset>\n<p><label> Ihr Name (erforderlich)<br \/>\n<span class=\"wpcf7-form-control-wrap\" data-name=\"your-name\"><input size=\"40\" maxlength=\"400\" class=\"wpcf7-form-control wpcf7-text wpcf7-validates-as-required\" aria-required=\"true\" aria-invalid=\"false\" value=\"\" type=\"text\" name=\"your-name\" \/><\/span> <\/label>\n<\/p>\n<p><span id=\"wpcf7-69ee152d4e121-wrapper\" class=\"wpcf7-form-control-wrap nametwo-wrap\" style=\"display:none !important; visibility:hidden !important;\"><label for=\"wpcf7-69ee152d4e121-field\" class=\"hp-message\">Bitte lasse dieses Feld leer.<\/label><input id=\"wpcf7-69ee152d4e121-field\"  class=\"wpcf7-form-control wpcf7-text\" type=\"text\" name=\"nametwo\" value=\"\" size=\"40\" tabindex=\"-1\" autocomplete=\"new-password\" \/><\/span>\n<\/p>\n<p><label> Ihre E-Mail-Adresse (erforderlich)<br \/>\n<span class=\"wpcf7-form-control-wrap\" data-name=\"your-email\"><input size=\"40\" maxlength=\"400\" class=\"wpcf7-form-control wpcf7-email wpcf7-validates-as-required wpcf7-text wpcf7-validates-as-email\" aria-required=\"true\" aria-invalid=\"false\" value=\"\" type=\"email\" name=\"your-email\" \/><\/span> <\/label>\n<\/p>\n<p><span id=\"wpcf7-69ee152d4e1fe-wrapper\" class=\"wpcf7-form-control-wrap mail-wrap\" style=\"display:none !important; visibility:hidden !important;\"><label for=\"wpcf7-69ee152d4e1fe-field\" class=\"hp-message\">Bitte lasse dieses Feld leer.<\/label><input id=\"wpcf7-69ee152d4e1fe-field\"  class=\"wpcf7-form-control wpcf7-text\" type=\"text\" name=\"mail\" value=\"\" size=\"40\" tabindex=\"-1\" autocomplete=\"new-password\" \/><\/span>\n<\/p>\n<p><span id=\"wpcf7-69ee152d4e25d-wrapper\" class=\"wpcf7-form-control-wrap address-wrap\" style=\"display:none !important; visibility:hidden !important;\"><label for=\"wpcf7-69ee152d4e25d-field\" class=\"hp-message\">Bitte lasse dieses Feld leer.<\/label><input id=\"wpcf7-69ee152d4e25d-field\"  class=\"wpcf7-form-control wpcf7-text\" type=\"text\" name=\"address\" value=\"\" size=\"40\" tabindex=\"-1\" autocomplete=\"new-password\" \/><\/span>\n<\/p>\n<p><label> Betreff<br \/>\n<span class=\"wpcf7-form-control-wrap\" data-name=\"your-subject\"><input size=\"40\" maxlength=\"400\" class=\"wpcf7-form-control wpcf7-text\" aria-invalid=\"false\" value=\"\" type=\"text\" name=\"your-subject\" \/><\/span> <\/label>\n<\/p>\n<p><label> Ihre Nachricht<br \/>\n<span class=\"wpcf7-form-control-wrap\" data-name=\"your-message\"><textarea cols=\"40\" rows=\"10\" maxlength=\"2000\" class=\"wpcf7-form-control wpcf7-textarea\" aria-invalid=\"false\" name=\"your-message\"><\/textarea><\/span> <\/label>\n<\/p>\n<p><input class=\"wpcf7-form-control wpcf7-submit has-spinner\" type=\"submit\" value=\"Senden\" \/>\n<\/p><div class=\"wpcf7-response-output\" aria-hidden=\"true\"><\/div>\n<\/form>\n<\/div>\n\n\r\n<p>&nbsp;<\/p>","protected":false},"excerpt":{"rendered":"<p>Kanzlei-Kontakt &nbsp; Sie k\u00f6nnen mich zu den \u00fcblichen B\u00fcrozeiten \u00fcber das Kontaktformular, per Mail oder telefonisch erreichen. Vertrauliche Informationen sollten Sie in verschl\u00fcsselter Form \u00fcbermitteln. Ich biete hierf\u00fcr individuelle L\u00f6sungen an. &nbsp; &nbsp; &nbsp;<\/p>\n","protected":false},"author":1,"featured_media":0,"parent":0,"menu_order":0,"comment_status":"closed","ping_status":"closed","template":"","meta":{"footnotes":""},"class_list":["post-14","page","type-page","status-publish","hentry"],"yoast_head":"<!-- This site is optimized with the Yoast SEO plugin v27.4 - https:\/\/yoast.com\/product\/yoast-seo-wordpress\/ -->\n<title>Kontakt - ARET\u00c9 | Kanzlei f\u00fcr Datenschutzrecht<\/title>\n<meta name=\"robots\" content=\"index, follow, max-snippet:-1, max-image-preview:large, max-video-preview:-1\" \/>\n<link rel=\"canonical\" href=\"https:\/\/www.kanzlei-arete.de\/de\/kontakt\/\" \/>\n<meta property=\"og:locale\" content=\"de_DE\" \/>\n<meta property=\"og:type\" content=\"article\" \/>\n<meta property=\"og:title\" content=\"Kontakt - ARET\u00c9 | Kanzlei f\u00fcr Datenschutzrecht\" \/>\n<meta property=\"og:description\" content=\"Kanzlei-Kontakt &nbsp; Sie k\u00f6nnen mich zu den \u00fcblichen B\u00fcrozeiten \u00fcber das Kontaktformular, per Mail oder telefonisch erreichen. Vertrauliche Informationen sollten Sie in verschl\u00fcsselter Form \u00fcbermitteln. Ich biete hierf\u00fcr individuelle L\u00f6sungen an. &nbsp; &nbsp; &nbsp;\" \/>\n<meta property=\"og:url\" content=\"https:\/\/www.kanzlei-arete.de\/de\/kontakt\/\" \/>\n<meta property=\"og:site_name\" content=\"ARET\u00c9 | Kanzlei f\u00fcr Datenschutzrecht\" \/>\n<meta property=\"article:modified_time\" content=\"2020-09-25T09:23:16+00:00\" \/>\n<meta name=\"twitter:card\" content=\"summary_large_image\" \/>\n<script type=\"application\/ld+json\" class=\"yoast-schema-graph\">{\"@context\":\"https:\\\/\\\/schema.org\",\"@graph\":[{\"@type\":\"WebPage\",\"@id\":\"https:\\\/\\\/www.kanzlei-arete.de\\\/de\\\/kontakt\\\/\",\"url\":\"https:\\\/\\\/www.kanzlei-arete.de\\\/de\\\/kontakt\\\/\",\"name\":\"Kontakt - ARET\u00c9 | Kanzlei f\u00fcr Datenschutzrecht\",\"isPartOf\":{\"@id\":\"https:\\\/\\\/www.kanzlei-arete.de\\\/de\\\/#website\"},\"datePublished\":\"2020-03-05T21:58:34+00:00\",\"dateModified\":\"2020-09-25T09:23:16+00:00\",\"breadcrumb\":{\"@id\":\"https:\\\/\\\/www.kanzlei-arete.de\\\/de\\\/kontakt\\\/#breadcrumb\"},\"inLanguage\":\"de\",\"potentialAction\":[{\"@type\":\"ReadAction\",\"target\":[\"https:\\\/\\\/www.kanzlei-arete.de\\\/de\\\/kontakt\\\/\"]}]},{\"@type\":\"BreadcrumbList\",\"@id\":\"https:\\\/\\\/www.kanzlei-arete.de\\\/de\\\/kontakt\\\/#breadcrumb\",\"itemListElement\":[{\"@type\":\"ListItem\",\"position\":1,\"name\":\"Startseite\",\"item\":\"https:\\\/\\\/www.kanzlei-arete.de\\\/de\\\/\"},{\"@type\":\"ListItem\",\"position\":2,\"name\":\"Kontakt\"}]},{\"@type\":\"WebSite\",\"@id\":\"https:\\\/\\\/www.kanzlei-arete.de\\\/de\\\/#website\",\"url\":\"https:\\\/\\\/www.kanzlei-arete.de\\\/de\\\/\",\"name\":\"ARET\u00c9 | Kanzlei f\u00fcr Datenschutzrecht\",\"description\":\"Kanzlei f\u00fcr Datenschutzrecht\",\"publisher\":{\"@id\":\"https:\\\/\\\/www.kanzlei-arete.de\\\/de\\\/#organization\"},\"potentialAction\":[{\"@type\":\"SearchAction\",\"target\":{\"@type\":\"EntryPoint\",\"urlTemplate\":\"https:\\\/\\\/www.kanzlei-arete.de\\\/de\\\/?s={search_term_string}\"},\"query-input\":{\"@type\":\"PropertyValueSpecification\",\"valueRequired\":true,\"valueName\":\"search_term_string\"}}],\"inLanguage\":\"de\"},{\"@type\":\"Organization\",\"@id\":\"https:\\\/\\\/www.kanzlei-arete.de\\\/de\\\/#organization\",\"name\":\"ARET\u00c9 | Kanzlei f\u00fcr Datenschutzrecht\",\"url\":\"https:\\\/\\\/www.kanzlei-arete.de\\\/de\\\/\",\"logo\":{\"@type\":\"ImageObject\",\"inLanguage\":\"de\",\"@id\":\"https:\\\/\\\/www.kanzlei-arete.de\\\/de\\\/#\\\/schema\\\/logo\\\/image\\\/\",\"url\":\"https:\\\/\\\/www.kanzlei-arete.de\\\/de\\\/wp-content\\\/uploads\\\/sites\\\/6\\\/2020\\\/09\\\/favicon.png\",\"contentUrl\":\"https:\\\/\\\/www.kanzlei-arete.de\\\/de\\\/wp-content\\\/uploads\\\/sites\\\/6\\\/2020\\\/09\\\/favicon.png\",\"width\":454,\"height\":413,\"caption\":\"ARET\u00c9 | Kanzlei f\u00fcr Datenschutzrecht\"},\"image\":{\"@id\":\"https:\\\/\\\/www.kanzlei-arete.de\\\/de\\\/#\\\/schema\\\/logo\\\/image\\\/\"}}]}<\/script>\n<!-- \/ Yoast SEO plugin. -->","yoast_head_json":{"title":"Kontakt - ARET\u00c9 | Kanzlei f\u00fcr Datenschutzrecht","robots":{"index":"index","follow":"follow","max-snippet":"max-snippet:-1","max-image-preview":"max-image-preview:large","max-video-preview":"max-video-preview:-1"},"canonical":"https:\/\/www.kanzlei-arete.de\/de\/kontakt\/","og_locale":"de_DE","og_type":"article","og_title":"Kontakt - ARET\u00c9 | Kanzlei f\u00fcr Datenschutzrecht","og_description":"Kanzlei-Kontakt &nbsp; Sie k\u00f6nnen mich zu den \u00fcblichen B\u00fcrozeiten \u00fcber das Kontaktformular, per Mail oder telefonisch erreichen. Vertrauliche Informationen sollten Sie in verschl\u00fcsselter Form \u00fcbermitteln. Ich biete hierf\u00fcr individuelle L\u00f6sungen an. &nbsp; &nbsp; &nbsp;","og_url":"https:\/\/www.kanzlei-arete.de\/de\/kontakt\/","og_site_name":"ARET\u00c9 | Kanzlei f\u00fcr Datenschutzrecht","article_modified_time":"2020-09-25T09:23:16+00:00","twitter_card":"summary_large_image","schema":{"@context":"https:\/\/schema.org","@graph":[{"@type":"WebPage","@id":"https:\/\/www.kanzlei-arete.de\/de\/kontakt\/","url":"https:\/\/www.kanzlei-arete.de\/de\/kontakt\/","name":"Kontakt - ARET\u00c9 | Kanzlei f\u00fcr Datenschutzrecht","isPartOf":{"@id":"https:\/\/www.kanzlei-arete.de\/de\/#website"},"datePublished":"2020-03-05T21:58:34+00:00","dateModified":"2020-09-25T09:23:16+00:00","breadcrumb":{"@id":"https:\/\/www.kanzlei-arete.de\/de\/kontakt\/#breadcrumb"},"inLanguage":"de","potentialAction":[{"@type":"ReadAction","target":["https:\/\/www.kanzlei-arete.de\/de\/kontakt\/"]}]},{"@type":"BreadcrumbList","@id":"https:\/\/www.kanzlei-arete.de\/de\/kontakt\/#breadcrumb","itemListElement":[{"@type":"ListItem","position":1,"name":"Startseite","item":"https:\/\/www.kanzlei-arete.de\/de\/"},{"@type":"ListItem","position":2,"name":"Kontakt"}]},{"@type":"WebSite","@id":"https:\/\/www.kanzlei-arete.de\/de\/#website","url":"https:\/\/www.kanzlei-arete.de\/de\/","name":"ARET\u00c9 | Kanzlei f\u00fcr Datenschutzrecht","description":"Kanzlei f\u00fcr Datenschutzrecht","publisher":{"@id":"https:\/\/www.kanzlei-arete.de\/de\/#organization"},"potentialAction":[{"@type":"SearchAction","target":{"@type":"EntryPoint","urlTemplate":"https:\/\/www.kanzlei-arete.de\/de\/?s={search_term_string}"},"query-input":{"@type":"PropertyValueSpecification","valueRequired":true,"valueName":"search_term_string"}}],"inLanguage":"de"},{"@type":"Organization","@id":"https:\/\/www.kanzlei-arete.de\/de\/#organization","name":"ARET\u00c9 | Kanzlei f\u00fcr Datenschutzrecht","url":"https:\/\/www.kanzlei-arete.de\/de\/","logo":{"@type":"ImageObject","inLanguage":"de","@id":"https:\/\/www.kanzlei-arete.de\/de\/#\/schema\/logo\/image\/","url":"https:\/\/www.kanzlei-arete.de\/de\/wp-content\/uploads\/sites\/6\/2020\/09\/favicon.png","contentUrl":"https:\/\/www.kanzlei-arete.de\/de\/wp-content\/uploads\/sites\/6\/2020\/09\/favicon.png","width":454,"height":413,"caption":"ARET\u00c9 | Kanzlei f\u00fcr Datenschutzrecht"},"image":{"@id":"https:\/\/www.kanzlei-arete.de\/de\/#\/schema\/logo\/image\/"}}]}},"_links":{"self":[{"href":"https:\/\/www.kanzlei-arete.de\/de\/wp-json\/wp\/v2\/pages\/14","targetHints":{"allow":["GET"]}}],"collection":[{"href":"https:\/\/www.kanzlei-arete.de\/de\/wp-json\/wp\/v2\/pages"}],"about":[{"href":"https:\/\/www.kanzlei-arete.de\/de\/wp-json\/wp\/v2\/types\/page"}],"author":[{"embeddable":true,"href":"https:\/\/www.kanzlei-arete.de\/de\/wp-json\/wp\/v2\/users\/1"}],"replies":[{"embeddable":true,"href":"https:\/\/www.kanzlei-arete.de\/de\/wp-json\/wp\/v2\/comments?post=14"}],"version-history":[{"count":31,"href":"https:\/\/www.kanzlei-arete.de\/de\/wp-json\/wp\/v2\/pages\/14\/revisions"}],"predecessor-version":[{"id":22279,"href":"https:\/\/www.kanzlei-arete.de\/de\/wp-json\/wp\/v2\/pages\/14\/revisions\/22279"}],"wp:attachment":[{"href":"https:\/\/www.kanzlei-arete.de\/de\/wp-json\/wp\/v2\/media?parent=14"}],"curies":[{"name":"wp","href":"https:\/\/api.w.org\/{rel}","templated":true}]}}

<h3>Kanzlei-Kontakt</h3>
<p>&nbsp;</p>
<p>Sie können mich zu den üblichen Bürozeiten über das <strong>Kontaktformular</strong>, per Mail oder telefonisch erreichen. <br /><br /></p>
<p>Vertrauliche Informationen sollten Sie in verschlüsselter Form übermitteln. Ich biete hierfür individuelle Lösungen an.</p>
<p>&nbsp;</p>
<p>&nbsp;</p>

<div class="wpcf7 no-js" id="wpcf7-f46-o1" lang="de-DE" dir="ltr" data-wpcf7-id="46">
<div class="screen-reader-response"><p role="status" aria-live="polite" aria-atomic="true"></p> <ul></ul></div>
<form action="/de/wp-json/wp/v2/pages/14#wpcf7-f46-o1" method="post" class="wpcf7-form init" aria-label="Kontaktformular" novalidate="novalidate" data-status="init">
<fieldset class="hidden-fields-container"><input type="hidden" name="_wpcf7" value="46" /><input type="hidden" name="_wpcf7_version" value="6.1.5" /><input type="hidden" name="_wpcf7_locale" value="de_DE" /><input type="hidden" name="_wpcf7_unit_tag" value="wpcf7-f46-o1" /><input type="hidden" name="_wpcf7_container_post" value="0" /><input type="hidden" name="_wpcf7_posted_data_hash" value="" />
</fieldset>
<p><label> Ihr Name (erforderlich)<br />
<span class="wpcf7-form-control-wrap" data-name="your-name"><input size="40" maxlength="400" class="wpcf7-form-control wpcf7-text wpcf7-validates-as-required" aria-required="true" aria-invalid="false" value="" type="text" name="your-name" /></span> </label>
</p>
<p><span id="wpcf7-69ee152d4e121-wrapper" class="wpcf7-form-control-wrap nametwo-wrap" style="display:none !important; visibility:hidden !important;"><label for="wpcf7-69ee152d4e121-field" class="hp-message">Bitte lasse dieses Feld leer.</label><input id="wpcf7-69ee152d4e121-field"  class="wpcf7-form-control wpcf7-text" type="text" name="nametwo" value="" size="40" tabindex="-1" autocomplete="new-password" /></span>
</p>
<p><label> Ihre E-Mail-Adresse (erforderlich)<br />
<span class="wpcf7-form-control-wrap" data-name="your-email"><input size="40" maxlength="400" class="wpcf7-form-control wpcf7-email wpcf7-validates-as-required wpcf7-text wpcf7-validates-as-email" aria-required="true" aria-invalid="false" value="" type="email" name="your-email" /></span> </label>
</p>
<p><span id="wpcf7-69ee152d4e1fe-wrapper" class="wpcf7-form-control-wrap mail-wrap" style="display:none !important; visibility:hidden !important;"><label for="wpcf7-69ee152d4e1fe-field" class="hp-message">Bitte lasse dieses Feld leer.</label><input id="wpcf7-69ee152d4e1fe-field"  class="wpcf7-form-control wpcf7-text" type="text" name="mail" value="" size="40" tabindex="-1" autocomplete="new-password" /></span>
</p>
<p><span id="wpcf7-69ee152d4e25d-wrapper" class="wpcf7-form-control-wrap address-wrap" style="display:none !important; visibility:hidden !important;"><label for="wpcf7-69ee152d4e25d-field" class="hp-message">Bitte lasse dieses Feld leer.</label><input id="wpcf7-69ee152d4e25d-field"  class="wpcf7-form-control wpcf7-text" type="text" name="address" value="" size="40" tabindex="-1" autocomplete="new-password" /></span>
</p>
<p><label> Betreff<br />
<span class="wpcf7-form-control-wrap" data-name="your-subject"><input size="40" maxlength="400" class="wpcf7-form-control wpcf7-text" aria-invalid="false" value="" type="text" name="your-subject" /></span> </label>
</p>
<p><label> Ihre Nachricht<br />
<span class="wpcf7-form-control-wrap" data-name="your-message"><textarea cols="40" rows="10" maxlength="2000" class="wpcf7-form-control wpcf7-textarea" aria-invalid="false" name="your-message"></textarea></span> </label>
</p>
<p><input class="wpcf7-form-control wpcf7-submit has-spinner" type="submit" value="Senden" />
</p><div class="wpcf7-response-output" aria-hidden="true"></div>
</form>
</div>


<p>&nbsp;</p>

<p>Kanzlei-Kontakt &nbsp; Sie können mich zu den üblichen Bürozeiten über das Kontaktformular, per Mail oder telefonisch erreichen. Vertrauliche Informationen sollten Sie in verschlüsselter Form übermitteln. Ich biete hierfür individuelle Lösungen an. &nbsp; &nbsp; &nbsp;</p>

<!-- This site is optimized with the Yoast SEO plugin v27.4 - https://yoast.com/product/yoast-seo-wordpress/ -->
<title>Kontakt - ARETÉ | Kanzlei für Datenschutzrecht</title>
<meta name="robots" content="index, follow, max-snippet:-1, max-image-preview:large, max-video-preview:-1" />
<link rel="canonical" href="https://www.kanzlei-arete.de/de/kontakt/" />
<meta property="og:locale" content="de_DE" />
<meta property="og:type" content="article" />
<meta property="og:title" content="Kontakt - ARETÉ | Kanzlei für Datenschutzrecht" />
<meta property="og:description" content="Kanzlei-Kontakt &nbsp; Sie können mich zu den üblichen Bürozeiten über das Kontaktformular, per Mail oder telefonisch erreichen. Vertrauliche Informationen sollten Sie in verschlüsselter Form übermitteln. Ich biete hierfür individuelle Lösungen an. &nbsp; &nbsp; &nbsp;" />
<meta property="og:url" content="https://www.kanzlei-arete.de/de/kontakt/" />
<meta property="og:site_name" content="ARETÉ | Kanzlei für Datenschutzrecht" />
<meta property="article:modified_time" content="2020-09-25T09:23:16+00:00" />
<meta name="twitter:card" content="summary_large_image" />
<script type="application/ld+json" class="yoast-schema-graph">{"@context":"https:\/\/schema.org","@graph":[{"@type":"WebPage","@id":"https:\/\/www.kanzlei-arete.de\/de\/kontakt\/","url":"https:\/\/www.kanzlei-arete.de\/de\/kontakt\/","name":"Kontakt - ARETÉ | Kanzlei für Datenschutzrecht","isPartOf":{"@id":"https:\/\/www.kanzlei-arete.de\/de\/#website"},"datePublished":"2020-03-05T21:58:34+00:00","dateModified":"2020-09-25T09:23:16+00:00","breadcrumb":{"@id":"https:\/\/www.kanzlei-arete.de\/de\/kontakt\/#breadcrumb"},"inLanguage":"de","potentialAction":[{"@type":"ReadAction","target":["https:\/\/www.kanzlei-arete.de\/de\/kontakt\/"]}]},{"@type":"BreadcrumbList","@id":"https:\/\/www.kanzlei-arete.de\/de\/kontakt\/#breadcrumb","itemListElement":[{"@type":"ListItem","position":1,"name":"Startseite","item":"https:\/\/www.kanzlei-arete.de\/de\/"},{"@type":"ListItem","position":2,"name":"Kontakt"}]},{"@type":"WebSite","@id":"https:\/\/www.kanzlei-arete.de\/de\/#website","url":"https:\/\/www.kanzlei-arete.de\/de\/","name":"ARETÉ | Kanzlei für Datenschutzrecht","description":"Kanzlei für Datenschutzrecht","publisher":{"@id":"https:\/\/www.kanzlei-arete.de\/de\/#organization"},"potentialAction":[{"@type":"SearchAction","target":{"@type":"EntryPoint","urlTemplate":"https:\/\/www.kanzlei-arete.de\/de\/?s={search_term_string}"},"query-input":{"@type":"PropertyValueSpecification","valueRequired":true,"valueName":"search_term_string"}}],"inLanguage":"de"},{"@type":"Organization","@id":"https:\/\/www.kanzlei-arete.de\/de\/#organization","name":"ARETÉ | Kanzlei für Datenschutzrecht","url":"https:\/\/www.kanzlei-arete.de\/de\/","logo":{"@type":"ImageObject","inLanguage":"de","@id":"https:\/\/www.kanzlei-arete.de\/de\/#\/schema\/logo\/image\/","url":"https:\/\/www.kanzlei-arete.de\/de\/wp-content\/uploads\/sites\/6\/2020\/09\/favicon.png","contentUrl":"https:\/\/www.kanzlei-arete.de\/de\/wp-content\/uploads\/sites\/6\/2020\/09\/favicon.png","width":454,"height":413,"caption":"ARETÉ | Kanzlei für Datenschutzrecht"},"image":{"@id":"https:\/\/www.kanzlei-arete.de\/de\/#\/schema\/logo\/image\/"}}]}</script>
<!-- / Yoast SEO plugin. -->

Kontakt - ARETÉ | Kanzlei für Datenschutzrecht

Kanzlei-Kontakt &nbsp; Sie können mich zu den üblichen Bürozeiten über das Kontaktformular, per Mail oder telefonisch erreichen. Vertrauliche Informationen sollten Sie in verschlüsselter Form übermitteln. Ich biete hierfür individuelle Lösungen an. &nbsp; &nbsp; &nbsp;

ARETÉ | Kanzlei für Datenschutzrecht

Kanzlei für Datenschutzrecht
